 -1 + 4)?
8
Suppose -3*k - 3 = -12. Calculate the remainder when 25 is divided by (420/(-45))/((-2)/k).
11
Let i(s) = -3*s**3 - 2*s**2 + 6*s + 3. Let n = -202 + 344. What is the remainder when n is divided by i(-3)?
46
Calculate the remainder when 451 is divided by (0 - (-92)/(-10))/(25/(-125)).
37
What is the remainder when 143 - (-10)/((-50)/(-35)) is divided by 19?
17
Suppose d = -g - 3*d + 31, -5*g = -4*d - 275. Let b = g + -32. What is the remainder when b is divided by (-1 + -1)*33/(-6)?
8
Suppose -c + 3*v + 135 = 3*c, 2*c - v - 67 = 0. Let i be (-3)/(c/(-12) - -2). What is the remainder when (-8)/(-1) + (8 - i) is divided by 8?
4
Let i(z) = z**2 - 2*z + 1. Let j be i(3). Suppose -j*w - y = 7, 2*w - 3*y + 26 = y. What is the remainder when 43/1 - (-6)/w is divided by 22?
19
Let h(o) = -47*o**3 + o**2 - 5*o - 4. Suppose -5*y = -0*y - 45. What is the remainder when h(-1) is divided by y?
4
Let c(y) = -y**2 - 12*y - 8. Let v(r) = -22*r + 9. Suppose 13 + 5 = -6*w. Calculate the remainder when v(w) is divided by c(-9).
18
Let y(a) = a**2 - 9*a + 36. What is the remainder when 70 is divided by y(6)?
16
Let t be (315/(-28))/((-6)/(-16)). Let p = 90 + t. Let f(h) = 2*h**3 - 4*h**2 + 2*h - 3. Calculate the remainder when p is divided by f(3).
18
Suppose 176 = 22*b - 770. What is the remainder when b is divided by 15?
13
Suppose 2*l - 4 = -3*c - 2*l, 5*c = 5*l - 40. Let h(d) = -d**3 - 3*d**2 + 2*d. What is the remainder when h(c) is divided by 4?
0
Suppose 2*h + 8 = 0, -4*x - 3*h + 60 = 2*h. Suppose -3*c + 8 - x = 0, 0 = -2*a - 2*c + 120. Calculate the remainder when a is divided by 17.
13
Let c(m) = m**3 + 5*m**2 + 10*m + 5. Let y be c(-5). Calculate the remainder when 77 is divided by (-2)/(y/40 + 1).
13
Let t(x) = 3*x**2 + 4*x + 2. Suppose -20*d + 10 = -25*d. Calculate the remainder when 28 is divided by t(d).
4
Suppose 5*j - 96 = -26. Suppose 3*d + 3*q = -24, -18*d - 23 = -16*d - 5*q. Let z = d + j. Calculate the remainder when 6 is divided by z.
1
Suppose -m + 732 = 5*d, -9*d - 2*m = -7*d - 296. Calculate the remainder when d is divided by 31.
22
Let d(b) = -2*b**3 - 10*b**2 - 8*b + 1. Let w = 22 - -9. What is the remainder when d(-6) is divided by w?
28
Suppose -2*c = c - 4*o - 190, 3*c = -o + 185. Let j = 97 - c. What is the remainder when 244 is divided by j?
34
Suppose 0*a = -4*a + 4*c + 20, -2*a - c + 13 = 0. Calculate the remainder when 119 is divided by a.
5
Suppose -2*t + 51 = -m, 12 = 4*t - 5*m - 75. What is the remainder when t is divided by 25?
3
Let s(z) = -5*z - 13. Let v = -8 + 9. Let k(l) = -1. Let r(y) = v*s(y) - 5*k(y). Calculate the remainder when r(-5) is divided by 6.
5
Let y be (-69)/(-2)*14/21. Suppose -u - w + y = -2*w, 40 = 2*u - 4*w. Calculate the remainder when u is divided by 9.
8
Let g = -68 + 71. Suppose 2*s + 36 = g*s. What is the remainder when 178 is divided by s?
34
Suppose 5*z - 69 = 1. What is the remainder when 824 is divided by z?
12
Suppose -3*z + 4*z = 13. Let b be z + (-4 + 3)/(-1). Let q(v) = v**3 - 14*v**2 + v - 11. Calculate the remainder when 5 is divided by q(b).
2
Let k = -371 - -408. Calculate the remainder when 123 is divided by k.
12
Suppose 76 + 147 = m. Suppose 2*c = 3*i + m, -2*c = -c + 3*i - 134. What is the remainder when c is divided by 30?
29
Suppose -2*f - 6*f + 128 = 0. Calculate the remainder when f is divided by 2.
0
Suppose 3*w + u - 255 = -2*u, 0 = -2*u + 8. Suppose -54 = -2*m - 2*c + 7*c, -3*m = -2*c - w. What is the remainder when 105 is divided by m?
24
Suppose -3*o - 3*q - 462 = 0, o - 2*q + 170 = -7*q. What is the remainder when o/((-12)/8 - 0) is divided by 34?
32
Suppose 0 = -3*b + 2*f + 345, 4*b = -2*f + 340 + 134. What is the remainder when 124 is divided by b?
7
Let b(l) = l + 67. Calculate the remainder when 108 is divided by b(-39).
24
Let k(h) be the second derivative of -h**3/2 - 37*h**2/2 + 4*h. Calculate the remainder when 64 is divided by k(-18).
13
Let b(m) = -m**3 + 6*m**2 - 5*m + 6. Suppose 0 = -4*w - 4 - 4. Let q be (-1)/(w - (-18)/10). What is the remainder when b(q) is divided by 4?
2
Suppose f = -4*f + 20. Suppose 2*t - 82 = -f*s, -5*s - 3*t + 102 = -0*s. What is the remainder when (-246)/9*(-6)/2 is divided by s?
19
Let s(g) = g**3 - 3*g**2 - 31*g + 31. What is the remainder when 427 is divided by s(7)?
7
Let z(x) = x**3 + 9*x**2 + 18*x + 6. Suppose 3*w = 4*q + q - 2961, -5*w = -3*q + 1767. Calculate the remainder when 6/(-15) - q/(-10) is divided by z(-5).
11
Let t be (-2)/(-3) - 30/(-9). Suppose 9*h - t*h - 65 = 0. Suppose 33 = a - 4*i, 0 = -a - 9*i + 8*i + 38. Calculate the remainder when a is divided by h.
11
Let r(l) = 19*l**2 + 3*l - 13. What is the remainder when 136 is divided by r(2)?
67
Suppose -2*x + 4*d + 10 = 3*d, -4*d - 24 = -4*x. What is the remainder when 99 is divided by x?
3
Let m(v) = -v**2 + 10*v - 7. Let s = 18158 + -18127. What is the remainder when s is divided by m(6)?
14
Let z(g) = 3*g + 4. Let p(d) = d**3 + 17*d**2 - 2. Let y be p(-17). Let i be z(y). Calculate the remainder when 36 is divided by -3 - (-12 - (-2)/i).
6
Let f(d) = -d**3 - d**2 + 2*d + 7. Let q be f(-5). Let u = q + -41. What is the remainder when u is divided by 15?
11
Suppose -551 = 19*s - 38*s. Calculate the remainder when 314 is divided by s.
24
Calculate the remainder when (9/6 + -1)*(-1 + 151) is divided by 26.
23
Let r(y) = y**3 + 10*y**2 - 26*y - 15. Let q be r(-12). Suppose 536 + 4 = q*d. What is the remainder when d is divided by 9?
6
Let a = -503 - -519. What is the remainder when 77 is divided by a?
13
Let h = -18 - -32. Let v = 48 - -32. Suppose -2*m = -0*m - v. What is the remainder when m is divided by h?
12
Let j = 82 + 591. Calculate the remainder when j is divided by 27.
25
Let j = 1119 - 872. Calculate the remainder when j is divided by 48.
7
Suppose -320*g + 316*g + 332 = 0. What is the remainder when g is divided by 4?
3
Suppose 3*v + v - 248 = 0. Let h = -5 + 5. Let x(c) = -c**2 + c + 16. Calculate the remainder when v is divided by x(h).
14
Let m = 25 + 1. Let l = -15 + 66. Let n = l + -41. Calculate the remainder when m is divided by n.
6
Suppose 810*z = 807*z + 75. Calculate the remainder when 263 is divided by z.
13
Let y(j) = j**2 - 9*j - 32. Let a be (4/12)/((-4)/156*-1). Calculate the remainder when 13/(1 + 4/(-6)) is divided by y(a).
19
Suppose -30*i + 384 = -66. Calculate the remainder when 27 is divided by i.
12
Let s be (-2)/(-4) + 2/(-4). Suppose 4*f + 5*o - 287 = s, 0 = -o - 2 + 1. Let m(z) = -3*z**2 - 39*z + 439. Calculate the remainder when f is divided by m(-20).
16
Suppose -3*x + x = 2*g - 6, 3*g + 9 = 0. What is the remainder when (-4)/x*(-4662)/28 is divided by 28?
27
Suppose -4*s - n + 32 = 3*n, 3*n - 21 = -2*s. What is the remainder when -76*2/(-7 + s) is divided by 14?
10
Calculate the remainder when (342/(-15) - 0)*15/(-6) is divided by 20.
17
Let p(g) = 3*g**2 + 0*g**3 + 2 - g**3 - 2*g**2 - 4*g + 9*g**3. Calculate the remainder when p(1) is divided by 4.
3
Suppose l - 51 = -2*l. Let t = -104 + 65. What is the remainder when l is divided by ((-260)/t)/((-4)/(-6))?
7
Let x(l) be the second derivative of l**4/12 + 5*l**3/6 - 17*l**2 + 4*l. What is the remainder when x(6) is divided by 11?
10
Let n = -20 - -21. Let m = -5 - n. Calculate the remainder when (-4)/(-6) - 386/m is divided by 17.
14
Let v(a) = -2 - 2*a**2 + 14 + 3*a**2 - 6*a - 17*a. What is the remainder when 20 is divided by v(23)?
8
Let n = -1949 - -3296. What is the remainder when n is divided by 45?
42
Let s = -10 - -16. Let u(l) = -20*l + 26*l**2 - 2*l**3 + 5 + l**3 - 1 - 5*l. Calculate the remainder when s is divided by u(25).
2
Let r(d) = -3*d + 25. Let b(p) = 9*p - 76. Let s(y) = 2*b(y) + 7*r(y). What is the remainder when 19 is divided by s(6)?
4
Suppose -120 = -3*s + 2*s. Calculate the remainder when ((-117)/(-6))/((-6)/(-8)) is divided by ((-3)/(-5))/(8/s).
8
Let i(m) = -2*m + 8*m**2 - 2*m - m**3 + 2*m**2 + 12 - 3. What is the remainder when i(8) is divided by 6/(6/(-324)*-9)?
33
Let d = 836 + -824. What is the remainder when 44 is divided by d?
8
Let q(z) be the second derivative of z**3/6 - 3*z. Let o be q(2). Suppose -3*b + 2 = -o*b. Calculate the remainder when 6 is divided by b.
0
Suppose -n = -2*k + 12, -2*k + 3*n = 6*n + 4. Suppose k*p + 10 =